{"id":1457,"date":"2025-11-26T23:44:06","date_gmt":"2025-11-26T23:44:06","guid":{"rendered":"https:\/\/edifymexico.com\/sitio\/?page_id=1457"},"modified":"2025-11-29T04:58:48","modified_gmt":"2025-11-29T04:58:48","slug":"aviso-de-privacidad","status":"publish","type":"page","link":"https:\/\/edifymexico.com\/sitio\/aviso-de-privacidad\/","title":{"rendered":"Aviso de Privacidad"},"content":{"rendered":"\t\t<div data-elementor-type=\"wp-page\" data-elementor-id=\"1457\" class=\"elementor elementor-1457\" data-elementor-post-type=\"page\">\n\t\t\t\t<div class=\"elementor-element elementor-element-44375dd3 e-flex e-con-boxed e-con e-parent\" data-id=\"44375dd3\" data-element_type=\"container\" data-settings=\"{&quot;background_background&quot;:&quot;classic&quot;,&quot;shape_divider_bottom&quot;:&quot;curve&quot;,&quot;shape_divider_bottom_negative&quot;:&quot;yes&quot;}\">\n\t\t\t\t\t<div class=\"e-con-inner\">\n\t\t\t\t<div class=\"elementor-shape elementor-shape-bottom\" aria-hidden=\"true\" data-negative=\"true\">\n\t\t\t<svg xmlns=\"http:\/\/www.w3.org\/2000\/svg\" viewBox=\"0 0 1000 100\" preserveAspectRatio=\"none\">\n\t<path class=\"elementor-shape-fill\" d=\"M500,97C126.7,96.3,0.8,19.8,0,0v100l1000,0V1C1000,19.4,873.3,97.8,500,97z\"\/>\n<\/svg>\t\t<\/div>\n\t\t<div class=\"elementor-element elementor-element-5ebd3ccf e-con-full e-flex e-con e-child\" data-id=\"5ebd3ccf\" data-element_type=\"container\">\n\t\t\t\t<div class=\"elementor-element elementor-element-19ca6e1e elementor-align-center animated-slow elementor-invisible elementor-widget elementor-widget-button\" data-id=\"19ca6e1e\" data-element_type=\"widget\" id=\"transparent\" data-settings=\"{&quot;_animation&quot;:&quot;fadeIn&quot;}\" data-widget_type=\"button.default\">\n\t\t\t\t<div class=\"elementor-widget-container\">\n\t\t\t\t\t\t\t\t\t<div class=\"elementor-button-wrapper\">\n\t\t\t\t\t<a class=\"elementor-button elementor-size-sm\" role=\"button\">\n\t\t\t\t\t\t<span class=\"elementor-button-content-wrapper\">\n\t\t\t\t\t\t\t\t\t<span class=\"elementor-button-text\">M\u00e1s de 15 a\u00f1os de excelencia<\/span>\n\t\t\t\t\t<\/span>\n\t\t\t\t\t<\/a>\n\t\t\t\t<\/div>\n\t\t\t\t\t\t\t\t<\/div>\n\t\t\t\t<\/div>\n\t\t\t\t<\/div>\n\t\t\t\t\t<\/div>\n\t\t\t\t<\/div>\n\t\t<div class=\"elementor-element elementor-element-7fe271c e-con-full e-flex e-con e-parent\" data-id=\"7fe271c\" data-element_type=\"container\" data-settings=\"{&quot;background_background&quot;:&quot;classic&quot;}\">\n\t\t\t\t<div class=\"elementor-element elementor-element-74f1979 elementor-widget elementor-widget-text-editor\" data-id=\"74f1979\" data-element_type=\"widget\" data-widget_type=\"text-editor.default\">\n\t\t\t\t<div class=\"elementor-widget-container\">\n\t\t\t\t\t\t\t\t\t<h5><strong>1. Responsable del Tratamiento<\/strong><\/h5><p>Edify M\u00e9xico, con domicilio en Calle Jalisco 1010-8, Los Pinos. Monclova Coahuila, M\u00e9xico C.P. 25720, es responsable del tratamiento y protecci\u00f3n de tus datos personales.<\/p><h5><strong>2. Datos Personales que Recopilamos<\/strong><\/h5><p>Podemos recopilar los siguientes datos a trav\u00e9s del formulario de contacto, correo electr\u00f3nico u otros medios digitales:<\/p><ul><li>Nombre completo<\/li><li>Correo electr\u00f3nico<\/li><li>Tel\u00e9fono (opcional)<\/li><li>Tipo de servicio de inter\u00e9s<\/li><li>Mensaje o informaci\u00f3n adicional que voluntariamente proporciones<\/li><\/ul><p>En caso de establecer una relaci\u00f3n comercial, podr\u00edamos solicitar informaci\u00f3n adicional necesaria para cotizaciones, contratos o facturaci\u00f3n.<\/p><h5><strong>3. Finalidades del Tratamiento<\/strong><\/h5><p>Tus datos se utilizar\u00e1n para:<\/p><ul><li>Responder solicitudes de informaci\u00f3n<\/li><li>Elaborar cotizaciones y propuestas<\/li><li>Establecer comunicaci\u00f3n relacionada con tu proyecto<\/li><li>Dar seguimiento a consultas o servicios contratados<\/li><li>Mejorar la experiencia y funcionalidad del Sitio<\/li><\/ul><p>En ning\u00fan caso utilizamos tus datos para fines distintos sin tu consentimiento previo.<\/p><h5><strong>4. Transferencia de Datos<\/strong><\/h5><p>Edify M\u00e9xico <strong>no vende ni cede<\/strong> tus datos personales.<br \/>\u00a0\u00danicamente podr\u00e1n compartirse cuando:<\/p><ul><li>Exista obligaci\u00f3n legal<\/li><li>Lo solicite una autoridad competente<\/li><li>Sea estrictamente necesario para cumplir un servicio solicitado y cuente con tu autorizaci\u00f3n<\/li><\/ul><h5><strong>5. Seguridad de la Informaci\u00f3n<\/strong><\/h5><p>Implementamos medidas t\u00e9cnicas, administrativas y f\u00edsicas para proteger tus datos personales contra:<\/p><ul><li>Acceso no autorizado<\/li><li>P\u00e9rdida<\/li><li>Robo<\/li><li>Uso indebido<\/li><li>Alteraci\u00f3n o da\u00f1o<\/li><\/ul><h5><strong>6. Derechos ARCO (Acceso, Rectificaci\u00f3n, Cancelaci\u00f3n y Oposici\u00f3n)<\/strong><\/h5><p>Puedes ejercer tus derechos ARCO enviando una solicitud a:<br \/>\u00a0\ud83d\udce7 <strong>contacto@edifymexico.com<\/strong><\/p><p>Tu solicitud debe incluir nombre completo, motivo de la solicitud y alg\u00fan medio de contacto para responderte.<\/p><h5><strong>7. Revocaci\u00f3n del Consentimiento<\/strong><\/h5><p>En cualquier momento puedes solicitar que dejemos de utilizar tus datos personales. Basta con enviar un correo se\u00f1alando tu solicitud.<\/p><h5><strong>8. Uso de Cookies<\/strong><\/h5><p>El Sitio utiliza cookies para mejorar tu experiencia. M\u00e1s detalles se incluyen en la <strong>Pol\u00edtica de Cookies<\/strong>.<\/p><h5><strong>9. Modificaciones al Aviso de Privacidad<\/strong><\/h5><p>Edify M\u00e9xico podr\u00e1 actualizar este Aviso de Privacidad y publicar\u00e1 la versi\u00f3n vigente en este mismo apartado.<\/p><h5><strong>10. Contacto<\/strong><\/h5><p>Si tienes preguntas sobre esta pol\u00edtica, puedes escribirnos a:<br \/>\u00a0\ud83d\udce7 <strong>contacto@edifymexico.com<\/strong><\/p>\t\t\t\t\t\t\t\t<\/div>\n\t\t\t\t<\/div>\n\t\t\t\t<\/div>\n\t\t\t\t<\/div>\n\t\t","protected":false},"excerpt":{"rendered":"<p>M\u00e1s de 15 a\u00f1os de excelencia 1. Responsable del Tratamiento Edify M\u00e9xico, con domicilio en Calle Jalisco 1010-8, Los Pinos. [&hellip;]<\/p>\n","protected":false},"author":1,"featured_media":0,"parent":0,"menu_order":0,"comment_status":"closed","ping_status":"closed","template":"","meta":{"site-sidebar-layout":"no-sidebar","site-content-layout":"","ast-site-content-layout":"full-width-container","site-content-style":"unboxed","site-sidebar-style":"unboxed","ast-global-header-display":"","ast-banner-title-visibility":"","ast-main-header-display":"","ast-hfb-above-header-display":"","ast-hfb-below-header-display":"","ast-hfb-mobile-header-display":"","site-post-title":"disabled","ast-breadcrumbs-content":"","ast-featured-img":"disabled","footer-sml-layout":"","theme-transparent-header-meta":"enabled","adv-header-id-meta":"","stick-header-meta":"","header-above-stick-meta":"","header-main-stick-meta":"","header-below-stick-meta":"","astra-migrate-meta-layouts":"default","ast-page-background-enabled":"default","ast-page-background-meta":{"desktop":{"background-color":"var(--ast-global-color-5)","background-image":"","background-repeat":"repeat","background-position":"center center","background-size":"auto","background-attachment":"scroll","background-type":"","background-media":"","overlay-type":"","overlay-color":"","overlay-opacity":"","overlay-gradient":""},"tablet":{"background-color":"","background-image":"","background-repeat":"repeat","background-position":"center center","background-size":"auto","background-attachment":"scroll","background-type":"","background-media":"","overlay-type":"","overlay-color":"","overlay-opacity":"","overlay-gradient":""},"mobile":{"background-color":"","background-image":"","background-repeat":"repeat","background-position":"center center","background-size":"auto","background-attachment":"scroll","background-type":"","background-media":"","overlay-type":"","overlay-color":"","overlay-opacity":"","overlay-gradient":""}},"ast-content-background-meta":{"desktop":{"background-color":"var(--ast-global-color-4)","background-image":"","background-repeat":"repeat","background-position":"center center","background-size":"auto","background-attachment":"scroll","background-type":"","background-media":"","overlay-type":"","overlay-color":"","overlay-opacity":"","overlay-gradient":""},"tablet":{"background-color":"var(--ast-global-color-4)","background-image":"","background-repeat":"repeat","background-position":"center center","background-size":"auto","background-attachment":"scroll","background-type":"","background-media":"","overlay-type":"","overlay-color":"","overlay-opacity":"","overlay-gradient":""},"mobile":{"background-color":"var(--ast-global-color-4)","background-image":"","background-repeat":"repeat","background-position":"center center","background-size":"auto","background-attachment":"scroll","background-type":"","background-media":"","overlay-type":"","overlay-color":"","overlay-opacity":"","overlay-gradient":""}},"footnotes":""},"class_list":["post-1457","page","type-page","status-publish","hentry"],"_links":{"self":[{"href":"https:\/\/edifymexico.com\/sitio\/wp-json\/wp\/v2\/pages\/1457","targetHints":{"allow":["GET"]}}],"collection":[{"href":"https:\/\/edifymexico.com\/sitio\/wp-json\/wp\/v2\/pages"}],"about":[{"href":"https:\/\/edifymexico.com\/sitio\/wp-json\/wp\/v2\/types\/page"}],"author":[{"embeddable":true,"href":"https:\/\/edifymexico.com\/sitio\/wp-json\/wp\/v2\/users\/1"}],"replies":[{"embeddable":true,"href":"https:\/\/edifymexico.com\/sitio\/wp-json\/wp\/v2\/comments?post=1457"}],"version-history":[{"count":7,"href":"https:\/\/edifymexico.com\/sitio\/wp-json\/wp\/v2\/pages\/1457\/revisions"}],"predecessor-version":[{"id":1506,"href":"https:\/\/edifymexico.com\/sitio\/wp-json\/wp\/v2\/pages\/1457\/revisions\/1506"}],"wp:attachment":[{"href":"https:\/\/edifymexico.com\/sitio\/wp-json\/wp\/v2\/media?parent=1457"}],"curies":[{"name":"wp","href":"https:\/\/api.w.org\/{rel}","templated":true}]}}